+ (-6 + 13 - 2).
-7
What is the value of (-121 - (-9 - 122)) + -2 + -29?
-21
Evaluate -2 - -34 - (168 + -75).
-61
Evaluate 43 - -6 - (-59 + 153).
-45
What is 1 + 68 + (-31 - (-16 - -29) - -42)?
67
Calculate (29 + -113 - (-7 + -11 + -1)) + 16.
-49
-106 + -40 + 18 + 15
-113
What is the value of (11 - 6) + -68 - (306 + -316)?
-53
What is the value of (25 - (5 + 120)) + -42 + 40?
-102
What is 35 - 50 - (5 + 1 + -8) - -157 - 9?
135
Evaluate 0 + -18 - ((67 - 38) + -65) - (1 + 7).
10
What is -37 - (58 + (-144 - -34))?
15
What is the value of 80 + 14 + 23 + -63?
54
Calculate (80 - 53) + -63 + -70 + 6.
-100
Evaluate 0 - (-58 + (-6 - (14 - (-10 + 36)))).
52
What is the value of 0 - (-3 + 2 - -46) - (-4191 - -4191)?
-45
Calculate -56 - ((-31 - -27) + 5 + (16 - 23)).
-50
Evaluate (15 + -9 - -6) + -17 + 1 + -149 + -2.
-155
Calculate -9 + 13 + -418 + 427.
13
Calculate -46 - (5 + -37 - (8 - 23)).
-29
Calculate -18 + (-4 - -3 - -5) + 17 + -5.
-2
What is the value of 6 - (74 - 70 - (-11 - 3))?
-12
Calculate (0 - -11) + -67 + (-181 - -212).
-25
-50 + 44 + -3 - -6 - 65
-68
Evaluate -2 - (-3 + 4 - 1 - 2) - (262 + -279).
17
What is -5 + 3 + (36 - (-7 + 52)) + 18?
7
-55 + (201 + -127 - (0 + 38))
-19
What is -27 - (-76 + 68) - -9?
-10
Evaluate (44 - 28) + -40 + 82 + 0.
58
What is 18 - (91 - (31 + 11))?
-31
(2 + 1 - -52 - 30) + -10
15
What is the value of (21 - (22 + 20 + -61)) + -7 + -1?
32
Calculate 11 + 0 - (348 - 320) - 40.
-57
What is the value of 232 - 219 - ((-3 - -19) + 7)?
-10
7 - 77 - (0 + -108)
38
What is -58 + 1 - (159 + -189 + 20 + -3)?
-44
What is the value of -21 - (-18 + 4 + -78)?
71
Evaluate 49 - (47 + 1 - (-681 - -710)).
30
What is (-4 - (1 + 9)) + 7 + (-2 - -4) - 6?
-11
What is -119 - (-28 - (70 - -8))?
-13
What is the value of 2 + 2 + -27 + (-15 - (12 + -7 + -10))?
-33
Calculate -3 + 10 + (-34 - (-34 - -9)) + -17.
-19
Calculate 6 + (-5 - -8) + (11 - 0 - -35).
55
What is -51 + (-3 - -6) + (-125 - -66) + 45?
-62
16 + -84 + 40 - (-100 + 4)
68
3 + -29 - (24 + (-35 - -63))
-78
Calculate (12 - -6 - (14 - (1 + 25))) + 8.
38
Calculate 92 - 136 - (6 + (3 - 8) + -9).
-36
8 + (12 - (17 + 0) - (-31 + 1 + 0))
33
Calculate (0 - 5) + (44 - 5 - 29) - (54 + 3).
-52
Evaluate -1879 + 1756 - (3 - 8).
-118
What is the value of -98 + 0 - (117 - (110 - -28))?
-77
What is -10 + 4 + (-2 - 1) - (-47 + -3 - -159)?
-118
What is the value of (-1 - -12) + (3 - 4) - (91 - (31 + 62))?
12
Calculate (-4 + -2 - 49) + 362 + -348.
-41
Evaluate 58 - 58 - (65 - (-4 - (-8 + -1))).
-60
Evaluate (6834 - 7042) + 108 + 0.
-100
Evaluate 6 + (-4 - (11 - 2 - -74)) - -8 - 5.
-78
What is the value of (-16 - -16) + 31 + -62 - -23?
-8
Calculate 55 + (-1 - -7 - (13 + -5)) + 23 + -25.
51
What is -23 + 24 - (10 + 1 + -2) - (-187 - -124)?
55
Evaluate -26 + 9 - -45 - 2.
26
What is the value of (-975 + 964 - (0 + -24)) + 55?
68
Evaluate 67 + 16 + (-7 - (-10 - -2) - -12).
96
What is ((-14 - 3) + 29 - -18) + -48?
-18
What is the value of -67 - -17 - (6 - -11) - -21?
-46
What is (1 - (-24 - -48)) + -32 + -7 - 8?
-70
What is -40 + (146 - 90) - (-1 - (-88 + -1))?
-72
What is the value of (25 - (23 - -20)) + 24 - (2 - -69)?
-65
Calculate -1 + 6 + 15 + 13 + 26.
59
53 - (46 + -39 + (14 - -9))
23
(-25 - (2 + (-28 - -1))) + -12 + 1
-11
What is the value of 47 + (98 - 75) - 172?
-102
What is the value of -1 + (-19 - -1 - (7 + 6 - 13 - -3))?
-22
36 - (41 + (-23 - -51) + -40)
7
What is the value of 5 + -10 - (1 + -9) - (24 + (-1 - 5))?
-15
14 - -2 - (32 + (-56 - -20))
20
Evaluate -54 + (7 - 1 - -9) + -31 + 5.
-65
Evaluate (-11 - (-41 - (-12 - -10))) + -78.
-50
Calculate (-3 - 9) + 283 + -252.
19
Calculate 8 - 108 - -58 - 35.
-77
89 + (-98 - -37) - (6 - 36)
58
Calculate ((7 - 1) + -16 + 14 - -3) + (-10 - 21).
-24
Evaluate -211 - -143 - (-47 + -2) - (-1 + 34).
-52
52 + -3 - (8 + 11 + -54)
84
What is the value of 14 + -13 + -19 + (-1 - -4 - -12) - 77?
-80
Evaluate -878 + 895 - (3 - -88).
-74
What is 1 + -1 + (-36 + 56 - -6 - 24) - 47?
-45
Evaluate 45 - (-31 + 16 + -4 - 23).
87
What is -4 + (2 - 7 - (42 - 58))?
7
What is the value of 0 - ((-438 - -433) + (0 - -17 - (-4 + 8)))?
-8
What is -2 + -16 + (-160 - -168) + (-5 + 15 - -7)?
7
Calculate (10 - (-104 + -98)) + -118.
94
What is the value of -68 - -97 - (7 - (-3 + -10 + 5))?
14
Evaluate 188 + -168 - (-1 + 38).
-17
12 - (-13 + 13) - (29 + (-13 - 3) + 9)
-10
Evaluate -25 + (10 - 19) + 23 - -18.
7
(11 - (-13 + 8 - (-31 + -2))) + 37
20
Calculate -1005 + 1031 - (4 + 18).
4
Calculate 29 + (13 + 3 - (-86 - -90)) + -16.
25
What is -24 + 1 - (-273 + 158 - -74)?
18
What is (6 - (-5 + (-2 - -3))) + -28 + 14?
-4
What is the value of -102 + 31 + 53 + -28?
-46
What is the value of 12 + 19 - (-17 - (-4 - 2))?
42
What is the value of -1 + -34 + 27 + (-1 + 0 - -2)?
-7
Calculate 44 - (-9 + 4 + (-6 - -17) - 8).
46
What is (1 - 14) + 0 + (-48 - (-18 + 8))?
-51
What is the value of -25 + (-3 - -3 - -9) + (41 - 49)?
-24
Evaluate 45 - (-61 + (67 - 20)).
59
Calculate 26 - (19 - (56 - 68)).
-5
Evaluate 9 + (-53 - -22 - -38).
16
What is -42 - 67 - -182 - 3?
70
Evaluate (48 - (162 - 59)) + 86.
31
What is (-2 - -7) + 302 + -362 - -16 - (1 + 0)?
-40
Calculate 30 + (3 - (1 - 16)) + 189 + -216.
21
What is 26 - ((-26 - -18) + 14)?
20
What is 114 + (-1 - -1) + (61 - (75 + -6))?
106
Calculate (3 + 0 + 1 - (-9714 - -9640)) + 0 + -2.
76
Evaluate -367 - -353 - (-1 + 31).
-44
Evaluate -51 - (-12 + (15 - 6 - (19 + -11))).
-40
What is -114 - -70 - (-1 + -70)?
27
What is the value of (2232 - 2243) + -1 + 47 + (-1 - 1)?
33
Evaluate -17 - ((-58 - -17) + 13) - -20 - 13.
18
What is (-15 - (-13 + 18)) + 8 + -9?
-21
What is the value of -12 + (-15 + 23 + -11 - 0) + 10 - -82?
77
What is (32 - 1) + 403 + -420 - 7?
7
What is the value of 8 - (141 - 40) - -49?
-44
-6 + 22 + -35 + 57
38
Evaluate 5 + -1 + (-15 - -9) + -4 + (-3 - -8).
-1
What is the value of (-1 - (25 + -44)) + 2 + 10?
30
Evaluate (0 + 34 - (93 - 110)) + (-1 - (0 - 0)).
50
Calculate 88 + -83 - (-3 + 17 + -4) - (2 - 2).
-5
What is the value of 21 + -14 - (5 + (9 - 25))?
18
What is the value of (-6 - (-4 + 3)) + (-41 - -46)?
0
What is the value of 8 + (-1 - -2) + -34 + -2?
-27
3 + -7 - (-1 + 5 - (22 - (28 + -12)))
-2
Evaluate -3 - -66 - ((96 - 118) + (28 + 6 - 3)).
54
Calculate 20 + (5 - (-14 - -4) - 16 - -7).
26
What is the value of 78 - (-3 - 33 - (-15 + -28))?
71
Calculate (4 - 1) + (38 + -67 + 27 - -4).
5
What is the value of -79 + (74 - 19) - 96?
-120
Calculate -23 + -4 + (-3 - (9 + 2)) + (1 - -6).
-34
Evaluate 123 + -25 + -6 + -1 + -18.
73
What is the value of 5 - (4 - -87 - -9) - -9 - -12?
-74
Calculate 0 - -4 - (-13 - 53 - -5 - (2 - 1)).
66
Evaluate 17 + 9 + 566 + -526.
66
What is 0 - 7 - -7 - (-111 + 1 + 54 + -46)?
102
What is the value of 3 - (25 + -18 + -1 + 1)?
-4
What is the value of 78 - (15 - (1 + 10 + -9 - 7 - -7))?
65
Calculate (1 + 0 + -2 - (0 - 6)) + (-382 - -391).
14
What is 8 + (0 - (-9 + 17)) - (3 + 43 - -3)?
-49
What is the value of 251 + -241 + (2 - -53) + (-2 - 8)?
55
Calculate -8 + 17 - 128 - -50.
-69
Calculate -202 - (233 - 493) - (17 - 0).
41
Calculate -29 - (-91 + -96 + 195).
-37
What is -52 - (-238 + -60 + 178)?
68
What is the value of (2 - 18) + 9 + (10 - (11 - 15)) + -15?
-8
Evaluate (45 - -3) + -28 + (31 - (30 - 44)).
65
What is the value of 11 - ((5 + 7 - 8 - (11 + 49)) + 4)?
63
21 - (12 - (2 - 5) - (-35 - -39))
10
-24 + (2 + -10 - (154 + -153)) + 13
-20
What is 65 - (25 + 77 + 1)?
-38
What is the value of -7 - (17 - 12 - -2 - -2 - 51)?
35
Evaluate (2 - (-14 - -8)) + (11 - (10 - -7)).
2
-760 - -810 - (0 + -5)
55
What is -35 + 5 - (-9 + (-9 - 2) - -10 - -11)?
-31
127 + -360 + 154 + 154
75
What is 18 + -125 + -6 - -87?
-26
Calculate -40 + -32 + 5 + 156.
89
What is the value of (-10 - (-12 + (88 - (13 + -12)))) + -1?
-86
2 + 1 + (8 + -50 - -28) + 40
29
-45 + (-26 + 64 - 43)
-50
-3 + -11 + 16 + -6 + 19 - 136
-121
Evaluate 35 + -29 + (2 - 24).
-16
Calculate (-2 - 3 - 2 - -7) + (4 - 3) + -20.
-19
What is the value of (4 - 8) + 78 + -69 - (-1 - (-41 + -1))?
-36
Evaluate (124 - 45 - 62) + 12.
29
Calculate 3 - 0 - -11 - (91 - 46).
-31
What is 34 + 0 - (-61 + 70 + 11)?
14
Evaluate -102 + -29 + ((-10 - 5) + 2 - -34).
-110
-8 + (10 - (8 + -21 + 11)) - 11
-7
What is the value of -1298 + 1328 - (63 - -1)?
-34
-64 + (7 + -23 - -9 - (